{"id":24056,"date":"2025-06-13T16:49:52","date_gmt":"2025-06-13T16:49:52","guid":{"rendered":"https:\/\/modaplussize.cl\/?post_type=product&#038;p=24056"},"modified":"2025-08-22T16:26:07","modified_gmt":"2025-08-22T16:26:07","slug":"tripack-calcetin-diabetico-hombre","status":"publish","type":"product","link":"https:\/\/modaplussize.cl\/?product=tripack-calcetin-diabetico-hombre","title":{"rendered":"Tripack Calcet\u00edn Diab\u00e9tico Hombre"},"content":{"rendered":"<p data-start=\"156\" data-end=\"231\"><strong data-start=\"156\" data-end=\"231\">Comodidad y Cuidado en Cada Paso<\/strong><\/p>\n<p data-start=\"233\" data-end=\"517\">Descubre nuestro nuevo formato de 3 packs de calcetines especialmente dise\u00f1ados para personas con diabetes. Confeccionados en algod\u00f3n suave y respirable, estos calcetines sin costuras internas reducen el riesgo de irritaciones, ampollas o rozaduras, protegiendo la piel delicada de los pies diab\u00e9ticos.<\/p>\n<p data-start=\"519\" data-end=\"540\"><strong data-start=\"519\" data-end=\"540\">Beneficios clave:<\/strong><\/p>\n<ul data-start=\"541\" data-end=\"931\">\n<li data-start=\"541\" data-end=\"646\">\n<p data-start=\"543\" data-end=\"646\"><strong data-start=\"543\" data-end=\"571\">Sin el\u00e1sticos apretados:<\/strong> no interrumpen la circulaci\u00f3n, favoreciendo el flujo sangu\u00edneo adecuado.<\/p>\n<\/li>\n<li data-start=\"647\" data-end=\"747\">\n<p data-start=\"649\" data-end=\"747\"><strong data-start=\"649\" data-end=\"675\">Sin costuras molestas:<\/strong> ideales para prevenir lesiones en piel sensible o propensa a heridas.<\/p>\n<\/li>\n<li data-start=\"748\" data-end=\"843\">\n<p data-start=\"750\" data-end=\"843\"><strong data-start=\"750\" data-end=\"787\">Tela respirable y antibacteriana:<\/strong> mantiene los pies frescos, secos y libres de humedad.<\/p>\n<\/li>\n<li data-start=\"844\" data-end=\"931\">\n<p data-start=\"846\" data-end=\"931\"><strong data-start=\"846\" data-end=\"866\">Acolchado suave:<\/strong> brinda una sensaci\u00f3n extra de confort y protecci\u00f3n al caminar.<\/p>\n<\/li>\n<\/ul>\n<p data-start=\"933\" data-end=\"1178\">Ideales para el uso diario, estos calcetines ayudan a prevenir complicaciones comunes en personas con diabetes, como \u00falceras o infecciones. Son tambi\u00e9n una excelente opci\u00f3n para personas con problemas circulatorios, sensibilidad o piel delicada.<\/p>\n<p data-start=\"1180\" data-end=\"1323\">Disponible en talla est\u00e1ndar,\u00a0 se adaptan c\u00f3modamente sin apretar. Incluye 3 pares en colores surtidos ( todos los pack incluyen 1 negro y los otros 2 pares son surtidos en gris claro, gris oscuro, gris medio o cafe), perfectos para cualquier ocasi\u00f3n.<\/p>\n<p data-start=\"1325\" data-end=\"1433\"><strong data-start=\"1325\" data-end=\"1363\">Cuida tus pies con lo que merecen.<\/strong><br data-start=\"1363\" data-end=\"1366\" \/>Una peque\u00f1a decisi\u00f3n que marca una gran diferencia en tu bienestar.<\/p>\n","protected":false},"excerpt":{"rendered":"<p><strong>Standar Adulto:<\/strong> 38 al 45<\/p>\n","protected":false},"featured_media":24057,"template":"","meta":{"site-sidebar-layout":"default","site-content-layout":"default","ast-site-content-layout":"default","site-content-style":"default","site-sidebar-style":"default","ast-global-header-display":"","ast-banner-title-visibility":"","ast-main-header-display":"","ast-hfb-above-header-display":"","ast-hfb-below-header-display":"","ast-hfb-mobile-header-display":"","site-post-title":"","ast-breadcrumbs-content":"","ast-featured-img":"","footer-sml-layout":"","theme-transparent-header-meta":"default","adv-header-id-meta":"","stick-header-meta":"","header-above-stick-meta":"","header-main-stick-meta":"","header-below-stick-meta":"","astra-migrate-meta-layouts":"set","ast-page-background-enabled":"default","ast-page-background-meta":{"desktop":{"background-color":"","background-image":"","background-repeat":"repeat","background-position":"center center","background-size":"auto","background-attachment":"scroll","background-type":"","background-media":"","overlay-type":"","overlay-color":"","overlay-opacity":"","overlay-gradient":""},"tablet":{"background-color":"","background-image":"","background-repeat":"repeat","background-position":"center center","background-size":"auto","background-attachment":"scroll","background-type":"","background-media":"","overlay-type":"","overlay-color":"","overlay-opacity":"","overlay-gradient":""},"mobile":{"background-color":"","background-image":"","background-repeat":"repeat","background-position":"center center","background-size":"auto","background-attachment":"scroll","background-type":"","background-media":"","overlay-type":"","overlay-color":"","overlay-opacity":"","overlay-gradient":""}},"ast-content-background-meta":{"desktop":{"background-color":"var(--ast-global-color-5)","background-image":"","background-repeat":"repeat","background-position":"center center","background-size":"auto","background-attachment":"scroll","background-type":"","background-media":"","overlay-type":"","overlay-color":"","overlay-opacity":"","overlay-gradient":""},"tablet":{"background-color":"var(--ast-global-color-5)","background-image":"","background-repeat":"repeat","background-position":"center center","background-size":"auto","background-attachment":"scroll","background-type":"","background-media":"","overlay-type":"","overlay-color":"","overlay-opacity":"","overlay-gradient":""},"mobile":{"background-color":"var(--ast-global-color-5)","background-image":"","background-repeat":"repeat","background-position":"center center","background-size":"auto","background-attachment":"scroll","background-type":"","background-media":"","overlay-type":"","overlay-color":"","overlay-opacity":"","overlay-gradient":""}}},"product_brand":[],"product_cat":[307],"product_tag":[],"class_list":{"0":"post-24056","1":"product","2":"type-product","3":"status-publish","4":"has-post-thumbnail","6":"product_cat-ropa-interior","7":"desktop-align-left","8":"tablet-align-left","9":"mobile-align-left","11":"first","12":"outofstock","13":"shipping-taxable","14":"purchasable","15":"product-type-simple"},"yoast_head":"<!-- This site is optimized with the Yoast SEO plugin v24.2 - https:\/\/yoast.com\/wordpress\/plugins\/seo\/ -->\n<title>Tripack Calcet\u00edn Diab\u00e9tico Hombre -<\/title>\n<meta name=\"robots\" content=\"index, follow, max-snippet:-1, max-image-preview:large, max-video-preview:-1\" \/>\n<link rel=\"canonical\" href=\"https:\/\/modaplussize.cl\/?product=tripack-calcetin-diabetico-hombre\" \/>\n<meta property=\"og:locale\" content=\"es_ES\" \/>\n<meta property=\"og:type\" content=\"article\" \/>\n<meta property=\"og:title\" content=\"Tripack Calcet\u00edn Diab\u00e9tico Hombre -\" \/>\n<meta property=\"og:description\" content=\"Standar Adulto: 38 al 45\" \/>\n<meta property=\"og:url\" content=\"https:\/\/modaplussize.cl\/?product=tripack-calcetin-diabetico-hombre\" \/>\n<meta property=\"article:modified_time\" content=\"2025-08-22T16:26:07+00:00\" \/>\n<meta property=\"og:image\" content=\"https:\/\/modaplussize.cl\/wp-content\/uploads\/2025\/06\/WhatsApp-Image-2025-06-13-at-12.43.30-1.jpeg\" \/>\n\t<meta property=\"og:image:width\" content=\"1024\" \/>\n\t<meta property=\"og:image:height\" content=\"1536\" \/>\n\t<meta property=\"og:image:type\" content=\"image\/jpeg\" \/>\n<meta name=\"twitter:card\" content=\"summary_large_image\" \/>\n<meta name=\"twitter:label1\" content=\"Tiempo estimado de lectura\" \/>\n\t<meta name=\"twitter:data1\" content=\"2 minutos\" \/>\n<script type=\"application\/ld+json\" class=\"yoast-schema-graph\">{\"@context\":\"https:\/\/schema.org\",\"@graph\":[{\"@type\":\"WebPage\",\"@id\":\"https:\/\/modaplussize.cl\/?product=tripack-calcetin-diabetico-hombre\",\"url\":\"https:\/\/modaplussize.cl\/?product=tripack-calcetin-diabetico-hombre\",\"name\":\"Tripack Calcet\u00edn Diab\u00e9tico Hombre -\",\"isPartOf\":{\"@id\":\"https:\/\/modaplussize.cl\/#website\"},\"primaryImageOfPage\":{\"@id\":\"https:\/\/modaplussize.cl\/?product=tripack-calcetin-diabetico-hombre#primaryimage\"},\"image\":{\"@id\":\"https:\/\/modaplussize.cl\/?product=tripack-calcetin-diabetico-hombre#primaryimage\"},\"thumbnailUrl\":\"https:\/\/modaplussize.cl\/wp-content\/uploads\/2025\/06\/WhatsApp-Image-2025-06-13-at-12.43.30-1.jpeg\",\"datePublished\":\"2025-06-13T16:49:52+00:00\",\"dateModified\":\"2025-08-22T16:26:07+00:00\",\"breadcrumb\":{\"@id\":\"https:\/\/modaplussize.cl\/?product=tripack-calcetin-diabetico-hombre#breadcrumb\"},\"inLanguage\":\"es-CL\",\"potentialAction\":[{\"@type\":\"ReadAction\",\"target\":[\"https:\/\/modaplussize.cl\/?product=tripack-calcetin-diabetico-hombre\"]}]},{\"@type\":\"ImageObject\",\"inLanguage\":\"es-CL\",\"@id\":\"https:\/\/modaplussize.cl\/?product=tripack-calcetin-diabetico-hombre#primaryimage\",\"url\":\"https:\/\/modaplussize.cl\/wp-content\/uploads\/2025\/06\/WhatsApp-Image-2025-06-13-at-12.43.30-1.jpeg\",\"contentUrl\":\"https:\/\/modaplussize.cl\/wp-content\/uploads\/2025\/06\/WhatsApp-Image-2025-06-13-at-12.43.30-1.jpeg\",\"width\":1024,\"height\":1536},{\"@type\":\"BreadcrumbList\",\"@id\":\"https:\/\/modaplussize.cl\/?product=tripack-calcetin-diabetico-hombre#breadcrumb\",\"itemListElement\":[{\"@type\":\"ListItem\",\"position\":1,\"name\":\"Portada\",\"item\":\"https:\/\/modaplussize.cl\/\"},{\"@type\":\"ListItem\",\"position\":2,\"name\":\"Productos\",\"item\":\"https:\/\/modaplussize.cl\/?post_type=product\"},{\"@type\":\"ListItem\",\"position\":3,\"name\":\"Tripack Calcet\u00edn Diab\u00e9tico Hombre\"}]},{\"@type\":\"WebSite\",\"@id\":\"https:\/\/modaplussize.cl\/#website\",\"url\":\"https:\/\/modaplussize.cl\/\",\"name\":\"MODAPLUSSIZE.CL\",\"description\":\"\",\"publisher\":{\"@id\":\"https:\/\/modaplussize.cl\/#organization\"},\"potentialAction\":[{\"@type\":\"SearchAction\",\"target\":{\"@type\":\"EntryPoint\",\"urlTemplate\":\"https:\/\/modaplussize.cl\/?s={search_term_string}\"},\"query-input\":{\"@type\":\"PropertyValueSpecification\",\"valueRequired\":true,\"valueName\":\"search_term_string\"}}],\"inLanguage\":\"es-CL\"},{\"@type\":\"Organization\",\"@id\":\"https:\/\/modaplussize.cl\/#organization\",\"name\":\"MODA PLUS SIZE\",\"url\":\"https:\/\/modaplussize.cl\/\",\"logo\":{\"@type\":\"ImageObject\",\"inLanguage\":\"es-CL\",\"@id\":\"https:\/\/modaplussize.cl\/#\/schema\/logo\/image\/\",\"url\":\"https:\/\/modaplussize.cl\/wp-content\/uploads\/2024\/10\/cropped-modaplussize_chile_logotipo_1-2.png\",\"contentUrl\":\"https:\/\/modaplussize.cl\/wp-content\/uploads\/2024\/10\/cropped-modaplussize_chile_logotipo_1-2.png\",\"width\":800,\"height\":290,\"caption\":\"MODA PLUS SIZE\"},\"image\":{\"@id\":\"https:\/\/modaplussize.cl\/#\/schema\/logo\/image\/\"},\"sameAs\":[\"https:\/\/www.instagram.com\/modaplussize.cl\/\"]}]}<\/script>\n<!-- \/ Yoast SEO plugin. -->","yoast_head_json":{"title":"Tripack Calcet\u00edn Diab\u00e9tico Hombre -","robots":{"index":"index","follow":"follow","max-snippet":"max-snippet:-1","max-image-preview":"max-image-preview:large","max-video-preview":"max-video-preview:-1"},"canonical":"https:\/\/modaplussize.cl\/?product=tripack-calcetin-diabetico-hombre","og_locale":"es_ES","og_type":"article","og_title":"Tripack Calcet\u00edn Diab\u00e9tico Hombre -","og_description":"Standar Adulto: 38 al 45","og_url":"https:\/\/modaplussize.cl\/?product=tripack-calcetin-diabetico-hombre","article_modified_time":"2025-08-22T16:26:07+00:00","og_image":[{"width":1024,"height":1536,"url":"https:\/\/modaplussize.cl\/wp-content\/uploads\/2025\/06\/WhatsApp-Image-2025-06-13-at-12.43.30-1.jpeg","type":"image\/jpeg"}],"twitter_card":"summary_large_image","twitter_misc":{"Tiempo estimado de lectura":"2 minutos"},"schema":{"@context":"https:\/\/schema.org","@graph":[{"@type":"WebPage","@id":"https:\/\/modaplussize.cl\/?product=tripack-calcetin-diabetico-hombre","url":"https:\/\/modaplussize.cl\/?product=tripack-calcetin-diabetico-hombre","name":"Tripack Calcet\u00edn Diab\u00e9tico Hombre -","isPartOf":{"@id":"https:\/\/modaplussize.cl\/#website"},"primaryImageOfPage":{"@id":"https:\/\/modaplussize.cl\/?product=tripack-calcetin-diabetico-hombre#primaryimage"},"image":{"@id":"https:\/\/modaplussize.cl\/?product=tripack-calcetin-diabetico-hombre#primaryimage"},"thumbnailUrl":"https:\/\/modaplussize.cl\/wp-content\/uploads\/2025\/06\/WhatsApp-Image-2025-06-13-at-12.43.30-1.jpeg","datePublished":"2025-06-13T16:49:52+00:00","dateModified":"2025-08-22T16:26:07+00:00","breadcrumb":{"@id":"https:\/\/modaplussize.cl\/?product=tripack-calcetin-diabetico-hombre#breadcrumb"},"inLanguage":"es-CL","potentialAction":[{"@type":"ReadAction","target":["https:\/\/modaplussize.cl\/?product=tripack-calcetin-diabetico-hombre"]}]},{"@type":"ImageObject","inLanguage":"es-CL","@id":"https:\/\/modaplussize.cl\/?product=tripack-calcetin-diabetico-hombre#primaryimage","url":"https:\/\/modaplussize.cl\/wp-content\/uploads\/2025\/06\/WhatsApp-Image-2025-06-13-at-12.43.30-1.jpeg","contentUrl":"https:\/\/modaplussize.cl\/wp-content\/uploads\/2025\/06\/WhatsApp-Image-2025-06-13-at-12.43.30-1.jpeg","width":1024,"height":1536},{"@type":"BreadcrumbList","@id":"https:\/\/modaplussize.cl\/?product=tripack-calcetin-diabetico-hombre#breadcrumb","itemListElement":[{"@type":"ListItem","position":1,"name":"Portada","item":"https:\/\/modaplussize.cl\/"},{"@type":"ListItem","position":2,"name":"Productos","item":"https:\/\/modaplussize.cl\/?post_type=product"},{"@type":"ListItem","position":3,"name":"Tripack Calcet\u00edn Diab\u00e9tico Hombre"}]},{"@type":"WebSite","@id":"https:\/\/modaplussize.cl\/#website","url":"https:\/\/modaplussize.cl\/","name":"MODAPLUSSIZE.CL","description":"","publisher":{"@id":"https:\/\/modaplussize.cl\/#organization"},"potentialAction":[{"@type":"SearchAction","target":{"@type":"EntryPoint","urlTemplate":"https:\/\/modaplussize.cl\/?s={search_term_string}"},"query-input":{"@type":"PropertyValueSpecification","valueRequired":true,"valueName":"search_term_string"}}],"inLanguage":"es-CL"},{"@type":"Organization","@id":"https:\/\/modaplussize.cl\/#organization","name":"MODA PLUS SIZE","url":"https:\/\/modaplussize.cl\/","logo":{"@type":"ImageObject","inLanguage":"es-CL","@id":"https:\/\/modaplussize.cl\/#\/schema\/logo\/image\/","url":"https:\/\/modaplussize.cl\/wp-content\/uploads\/2024\/10\/cropped-modaplussize_chile_logotipo_1-2.png","contentUrl":"https:\/\/modaplussize.cl\/wp-content\/uploads\/2024\/10\/cropped-modaplussize_chile_logotipo_1-2.png","width":800,"height":290,"caption":"MODA PLUS SIZE"},"image":{"@id":"https:\/\/modaplussize.cl\/#\/schema\/logo\/image\/"},"sameAs":["https:\/\/www.instagram.com\/modaplussize.cl\/"]}]}},"_links":{"self":[{"href":"https:\/\/modaplussize.cl\/index.php?rest_route=\/wp\/v2\/product\/24056","targetHints":{"allow":["GET"]}}],"collection":[{"href":"https:\/\/modaplussize.cl\/index.php?rest_route=\/wp\/v2\/product"}],"about":[{"href":"https:\/\/modaplussize.cl\/index.php?rest_route=\/wp\/v2\/types\/product"}],"version-history":[{"count":0,"href":"https:\/\/modaplussize.cl\/index.php?rest_route=\/wp\/v2\/product\/24056\/revisions"}],"wp:featuredmedia":[{"embeddable":true,"href":"https:\/\/modaplussize.cl\/index.php?rest_route=\/wp\/v2\/media\/24057"}],"wp:attachment":[{"href":"https:\/\/modaplussize.cl\/index.php?rest_route=%2Fwp%2Fv2%2Fmedia&parent=24056"}],"wp:term":[{"taxonomy":"product_brand","embeddable":true,"href":"https:\/\/modaplussize.cl\/index.php?rest_route=%2Fwp%2Fv2%2Fproduct_brand&post=24056"},{"taxonomy":"product_cat","embeddable":true,"href":"https:\/\/modaplussize.cl\/index.php?rest_route=%2Fwp%2Fv2%2Fproduct_cat&post=24056"},{"taxonomy":"product_tag","embeddable":true,"href":"https:\/\/modaplussize.cl\/index.php?rest_route=%2Fwp%2Fv2%2Fproduct_tag&post=24056"}],"curies":[{"name":"wp","href":"https:\/\/api.w.org\/{rel}","templated":true}]}}